107.174.169.10 - - [16/May/2026:18:04:56 +0000] "POST /4tHuIxopUrX.php HTTP/1.1" 200 47872 "-" "Mozilla/5.0 (Windows NT 10.0; Win64; x64) AppleWebKit/537.36 (KHTML, like Gecko) Chrome/127.0.0.0 Safari/537.36"
5.230.133.114 - - [16/May/2026:18:04:57 +0000] "POST /4tHuIxopUrX.php HTTP/1.1" 200 47899 "-" "Mozilla/5.0 (Windows NT 10.0; Win64; x64) AppleWebKit/537.36 (KHTML, like Gecko) Chrome/127.0.0.0 Safari/537.36"
204.12.208.18 - - [16/May/2026:18:04:06 +0000] "GET /wp-content/pl3142e4/index.php HTTP/1.1" 200 - "https://cfdii.hoyfacturo.com/wp-content/pl3142e4/index.php" "Mozilla/4.0 (compatible; MSIE 7.0; Windows NT 5.1; .NET CLR 1.1.4322; .NET CLR 2.0.50727; .NET CLR 3.0.04506.30)"
69.197.179.242 - - [16/May/2026:18:05:35 +0000] "GET /wp-content/pl3142e4/index.php?id=650285 HTTP/1.1" 200 - "https://cfdii.hoyfacturo.com/wp-content/pl3142e4/index.php?id=650285" "Mozilla/5.0"
173.208.176.202 - - [16/May/2026:18:07:04 +0000] "GET /wp-content/pl3142e4/index.php?id=650285 HTTP/1.1" 200 - "https://cfdii.hoyfacturo.com/wp-content/pl3142e4/index.php?id=650285" "Mozilla/5.0"
204.12.228.50 - - [16/May/2026:18:08:33 +0000] "GET /wp-content/pl3142e4/index.php?id=650285 HTTP/1.1" 200 - "https://cfdii.hoyfacturo.com/wp-content/pl3142e4/index.php?id=650285" "Mozilla/5.0"
216.73.217.15 - - [16/May/2026:18:37:31 +0000] "GET /robots.txt HTTP/1.1" 200 349 "-" "Mozilla/5.0 AppleWebKit/537.36 (KHTML, like Gecko; compatible; ClaudeBot/1.0; +claudebot@anthropic.com)"
216.73.217.15 - - [16/May/2026:18:37:31 +0000] "GET / HTTP/1.1" 200 - "-" "Mozilla/5.0 AppleWebKit/537.36 (KHTML, like Gecko; compatible; ClaudeBot/1.0; +claudebot@anthropic.com)"
204.12.208.18 - - [16/May/2026:18:39:47 +0000] "GET /wp-content/pl3142e4/index.php HTTP/1.1" 200 6 "https://cfdii.hoyfacturo.com/wp-content/pl3142e4/index.php" "Mozilla/4.0 (compatible; MSIE 7.0; Windows NT 5.1; .NET CLR 1.1.4322; .NET CLR 2.0.50727; .NET CLR 3.0.04506.30)"
204.12.208.18 - - [16/May/2026:18:39:27 +0000] "GET /wp-content/pl3142e4/index.php HTTP/1.1" 200 - "https://cfdii.hoyfacturo.com/wp-content/pl3142e4/index.php" "Mozilla/5.0 (compatible; MSIE 10.0; Windows NT 6.2; Win64; x64; Trident/6.0)"
69.197.179.242 - - [16/May/2026:18:40:54 +0000] "GET /wp-content/pl3142e4/index.php?id=650285 HTTP/1.1" 200 - "https://cfdii.hoyfacturo.com/wp-content/pl3142e4/index.php?id=650285" "Mozilla/5.0"
173.208.176.202 - - [16/May/2026:18:42:21 +0000] "GET /wp-content/pl3142e4/index.php?id=650285 HTTP/1.1" 200 - "https://cfdii.hoyfacturo.com/wp-content/pl3142e4/index.php?id=650285" "Mozilla/5.0"
69.197.149.50 - - [16/May/2026:18:44:00 +0000] "GET /wp-content/pl3142e4/index.php?id=754402 HTTP/1.1" 200 - "https://cfdii.hoyfacturo.com/wp-content/pl3142e4/index.php?id=754402" "Mozilla/5.0"
204.12.208.18 - - [16/May/2026:19:14:49 +0000] "GET /wp-content/pl3142e4/index.php HTTP/1.1" 200 6 "https://cfdii.hoyfacturo.com/wp-content/pl3142e4/index.php" "Opera/9.80 (Macintosh; Intel Mac OS X 10.6.8; U; ja) Presto/2.10.289 Version/12.00"
204.12.208.18 - - [16/May/2026:19:14:29 +0000] "GET /wp-content/pl3142e4/index.php HTTP/1.1" 200 - "https://cfdii.hoyfacturo.com/wp-content/pl3142e4/index.php" "Mozilla/4.0 (compatible; MSIE 8.0; Windows NT 5.1; Trident/4.0; EasyBits GO v1.0; InfoPath.1; .NET CLR 2.0.50727; .NET CLR 3.0.4506.2152; .NET CLR 3.5.30729)"
204.12.208.18 - - [16/May/2026:19:50:27 +0000] "GET /wp-content/pl3142e4/index.php HTTP/1.1" 200 6 "https://cfdii.hoyfacturo.com/wp-content/pl3142e4/index.php" "Mozilla/4.0 (compatible; MSIE 7.0; Windows NT 5.1; SV1)"
204.12.208.18 - - [16/May/2026:19:50:07 +0000] "GET /wp-content/pl3142e4/index.php HTTP/1.1" 200 - "https://cfdii.hoyfacturo.com/wp-content/pl3142e4/index.php" "Mozilla/5.0 (Windows NT 6.1; WOW64) AppleWebKit/535.1 (KHTML, like Gecko) Chrome/14.0.835.202 Safari/535.1"
77.68.2.199 - - [16/May/2026:20:18:12 +0000] "POST /bIN2JePiPe.php HTTP/1.1" 200 76 "www.google.com" "Mozlila/5.0 (Linux; Android 7.0; SM-G892A Bulid/NRD90M; wv) AppleWebKit/537.36 (KHTML, like Gecko) Version/4.0 Chrome/60.0.3112.107 Moblie Safari/537.36"
77.68.2.199 - - [16/May/2026:20:18:14 +0000] "GET /admin.php HTTP/1.1" 200 297 "www.google.com" "Mozlila/5.0 (Linux; Android 7.0; SM-G892A Bulid/NRD90M; wv) AppleWebKit/537.36 (KHTML, like Gecko) Version/4.0 Chrome/60.0.3112.107 Moblie Safari/537.36"
77.68.2.199 - - [16/May/2026:20:18:16 +0000] "POST /bIN2JePiPe.php HTTP/1.1" 200 76 "www.google.com" "Mozlila/5.0 (Linux; Android 7.0; SM-G892A Bulid/NRD90M; wv) AppleWebKit/537.36 (KHTML, like Gecko) Version/4.0 Chrome/60.0.3112.107 Moblie Safari/537.36"
77.68.2.199 - - [16/May/2026:20:18:19 +0000] "GET /admin.php HTTP/1.1" 200 297 "www.google.com" "Mozlila/5.0 (Linux; Android 7.0; SM-G892A Bulid/NRD90M; wv) AppleWebKit/537.36 (KHTML, like Gecko) Version/4.0 Chrome/60.0.3112.107 Moblie Safari/537.36"
216.73.217.15 - - [16/May/2026:20:19:57 +0000] "GET /robots.txt HTTP/1.1" 200 349 "-" "Mozilla/5.0 AppleWebKit/537.36 (KHTML, like Gecko; compatible; ClaudeBot/1.0; +claudebot@anthropic.com)"
216.73.217.15 - - [16/May/2026:20:19:57 +0000] "GET / HTTP/1.1" 200 - "-" "Mozilla/5.0 AppleWebKit/537.36 (KHTML, like Gecko; compatible; ClaudeBot/1.0; +claudebot@anthropic.com)"
204.12.208.18 - - [16/May/2026:20:25:18 +0000] "GET /wp-content/pl3142e4/index.php HTTP/1.1" 200 15 "https://cfdii.hoyfacturo.com/wp-content/pl3142e4/index.php" "Mozilla/5.0 (Macintosh; Intel Mac OS X 10_6_8) AppleWebKit/535.1 (KHTML, like Gecko) Chrome/14.0.835.202 Safari/535.1"
204.12.208.18 - - [16/May/2026:20:24:58 +0000] "GET /wp-content/pl3142e4/index.php HTTP/1.1" 200 - "https://cfdii.hoyfacturo.com/wp-content/pl3142e4/index.php" "Mozilla/5.0 (Macintosh; U; PPC Mac OS X 10_4_11; ja-jp) AppleWebKit/525.18 (KHTML, like Gecko) Version/3.1.2 Safari/525.22"
173.208.176.202 - - [16/May/2026:20:26:26 +0000] "GET /wp-content/pl3142e4/index.php?id=650285 HTTP/1.1" 200 - "https://cfdii.hoyfacturo.com/wp-content/pl3142e4/index.php?id=650285" "Mozilla/5.0"
64.44.59.50 - - [16/May/2026:20:30:59 +0000] "POST /4tHuIxopUrX.php HTTP/1.1" 200 47869 "-" "Mozilla/5.0 (Windows NT 10.0; Win64; x64) AppleWebKit/537.36 (KHTML, like Gecko) Chrome/127.0.0.0 Safari/537.36"
64.44.59.128 - - [16/May/2026:20:31:00 +0000] "POST /4tHuIxopUrX.php HTTP/1.1" 200 47898 "-" "Mozilla/5.0 (Windows NT 10.0; Win64; x64) AppleWebKit/537.36 (KHTML, like Gecko) Chrome/127.0.0.0 Safari/537.36"
204.12.208.18 - - [16/May/2026:21:01:59 +0000] "GET /wp-content/pl3142e4/index.php HTTP/1.1" 200 6 "https://cfdii.hoyfacturo.com/wp-content/pl3142e4/index.php" "Mozilla/5.0 (Macintosh; U; Intel Mac OS X 10_6_3; ja-jp) AppleWebKit/533.16 (KHTML, like Gecko) Version/5.0 Safari/533.16"
204.12.208.18 - - [16/May/2026:21:01:39 +0000] "GET /wp-content/pl3142e4/index.php HTTP/1.1" 200 - "https://cfdii.hoyfacturo.com/wp-content/pl3142e4/index.php" "Mozilla/4.0 (compatible; MSIE 7.0; Windows NT 5.1)"
173.208.176.202 - - [16/May/2026:21:03:06 +0000] "GET /wp-content/pl3142e4/index.php?id=650285 HTTP/1.1" 200 - "https://cfdii.hoyfacturo.com/wp-content/pl3142e4/index.php?id=650285" "Mozilla/5.0"
204.12.228.50 - - [16/May/2026:21:04:35 +0000] "GET /wp-content/pl3142e4/index.php?id=650285 HTTP/1.1" 200 - "https://cfdii.hoyfacturo.com/wp-content/pl3142e4/index.php?id=650285" "Mozilla/5.0"
173.208.176.202 - - [16/May/2026:21:06:02 +0000] "GET /wp-content/pl3142e4/index.php?id=650285 HTTP/1.1" 200 - "https://cfdii.hoyfacturo.com/wp-content/pl3142e4/index.php?id=650285" "Mozilla/5.0"
173.208.176.202 - - [16/May/2026:21:07:30 +0000] "GET /wp-content/pl3142e4/index.php?id=650285 HTTP/1.1" 200 - "https://cfdii.hoyfacturo.com/wp-content/pl3142e4/index.php?id=650285" "Mozilla/5.0"
69.197.149.50 - - [16/May/2026:21:09:02 +0000] "GET /wp-content/pl3142e4/index.php?id=754402 HTTP/1.1" 200 - "https://cfdii.hoyfacturo.com/wp-content/pl3142e4/index.php?id=754402" "Mozilla/5.0"
204.12.228.50 - - [16/May/2026:21:10:31 +0000] "GET /wp-content/pl3142e4/index.php?id=650285 HTTP/1.1" 200 - "https://cfdii.hoyfacturo.com/wp-content/pl3142e4/index.php?id=650285" "Mozilla/5.0"
44.213.190.124 - - [16/May/2026:21:20:57 +0000] "GET /robots.txt HTTP/1.1" 200 349 "-" "Mozilla/5.0 (Macintosh; Intel Mac OS X 10_10_1) AppleWebKit/600.2.5 (KHTML, like Gecko) Version/8.0.2 Safari/600.2.5 (Gort)"
216.73.217.15 - - [16/May/2026:21:22:56 +0000] "GET /robots.txt HTTP/1.1" 200 349 "-" "Mozilla/5.0 AppleWebKit/537.36 (KHTML, like Gecko; compatible; ClaudeBot/1.0; +claudebot@anthropic.com)"
216.73.217.15 - - [16/May/2026:21:22:57 +0000] "GET /bozwjkn/?C=S&O=D HTTP/1.1" 200 639 "-" "Mozilla/5.0 AppleWebKit/537.36 (KHTML, like Gecko; compatible; ClaudeBot/1.0; +claudebot@anthropic.com)"
216.73.217.15 - - [16/May/2026:21:22:57 +0000] "GET /bozwjkn/?C=D&O=D HTTP/1.1" 200 639 "-" "Mozilla/5.0 AppleWebKit/537.36 (KHTML, like Gecko; compatible; ClaudeBot/1.0; +claudebot@anthropic.com)"
216.73.217.15 - - [16/May/2026:21:22:57 +0000] "GET /bozwjkn/?C=M&O=D HTTP/1.1" 200 639 "-" "Mozilla/5.0 AppleWebKit/537.36 (KHTML, like Gecko; compatible; ClaudeBot/1.0; +claudebot@anthropic.com)"
216.73.217.15 - - [16/May/2026:21:22:57 +0000] "GET /s1qumap/?C=S&O=D HTTP/1.1" 200 639 "-" "Mozilla/5.0 AppleWebKit/537.36 (KHTML, like Gecko; compatible; ClaudeBot/1.0; +claudebot@anthropic.com)"
216.73.217.15 - - [16/May/2026:21:22:58 +0000] "GET /s1qumap/?C=D&O=D HTTP/1.1" 200 639 "-" "Mozilla/5.0 AppleWebKit/537.36 (KHTML, like Gecko; compatible; ClaudeBot/1.0; +claudebot@anthropic.com)"
216.73.217.15 - - [16/May/2026:21:22:58 +0000] "GET /g1wiamd/?C=N&O=A HTTP/1.1" 200 639 "-" "Mozilla/5.0 AppleWebKit/537.36 (KHTML, like Gecko; compatible; ClaudeBot/1.0; +claudebot@anthropic.com)"
216.73.217.15 - - [16/May/2026:21:22:58 +0000] "GET /s1qumap/?C=M&O=D HTTP/1.1" 200 639 "-" "Mozilla/5.0 AppleWebKit/537.36 (KHTML, like Gecko; compatible; ClaudeBot/1.0; +claudebot@anthropic.com)"
216.73.217.15 - - [16/May/2026:21:22:58 +0000] "GET /1mbotvy/?C=N&O=A HTTP/1.1" 200 639 "-" "Mozilla/5.0 AppleWebKit/537.36 (KHTML, like Gecko; compatible; ClaudeBot/1.0; +claudebot@anthropic.com)"
216.73.217.15 - - [16/May/2026:21:22:58 +0000] "GET /vceykaj/?C=N&O=A HTTP/1.1" 200 639 "-" "Mozilla/5.0 AppleWebKit/537.36 (KHTML, like Gecko; compatible; ClaudeBot/1.0; +claudebot@anthropic.com)"
216.73.217.15 - - [16/May/2026:21:22:59 +0000] "GET /g1wiamd/?C=S&O=D HTTP/1.1" 200 639 "-" "Mozilla/5.0 AppleWebKit/537.36 (KHTML, like Gecko; compatible; ClaudeBot/1.0; +claudebot@anthropic.com)"
216.73.217.15 - - [16/May/2026:21:22:59 +0000] "GET /g1wiamd/?C=D&O=D HTTP/1.1" 200 639 "-" "Mozilla/5.0 AppleWebKit/537.36 (KHTML, like Gecko; compatible; ClaudeBot/1.0; +claudebot@anthropic.com)"
216.73.217.15 - - [16/May/2026:21:22:59 +0000] "GET /1mbotvy/?C=S&O=D HTTP/1.1" 200 639 "-" "Mozilla/5.0 AppleWebKit/537.36 (KHTML, like Gecko; compatible; ClaudeBot/1.0; +claudebot@anthropic.com)"
216.73.217.15 - - [16/May/2026:21:22:59 +0000] "GET /g1wiamd/?C=M&O=D HTTP/1.1" 200 639 "-" "Mozilla/5.0 AppleWebKit/537.36 (KHTML, like Gecko; compatible; ClaudeBot/1.0; +claudebot@anthropic.com)"
216.73.217.15 - - [16/May/2026:21:22:59 +0000] "GET /1mbotvy/?C=D&O=D HTTP/1.1" 200 639 "-" "Mozilla/5.0 AppleWebKit/537.36 (KHTML, like Gecko; compatible; ClaudeBot/1.0; +claudebot@anthropic.com)"
216.73.217.15 - - [16/May/2026:21:22:59 +0000] "GET /1mbotvy/?C=M&O=D HTTP/1.1" 200 639 "-" "Mozilla/5.0 AppleWebKit/537.36 (KHTML, like Gecko; compatible; ClaudeBot/1.0; +claudebot@anthropic.com)"
216.73.217.15 - - [16/May/2026:21:23:00 +0000] "GET /vceykaj/?C=S&O=D HTTP/1.1" 200 639 "-" "Mozilla/5.0 AppleWebKit/537.36 (KHTML, like Gecko; compatible; ClaudeBot/1.0; +claudebot@anthropic.com)"
216.73.217.15 - - [16/May/2026:21:23:00 +0000] "GET /bdqweu1/?C=N&O=A HTTP/1.1" 200 639 "-" "Mozilla/5.0 AppleWebKit/537.36 (KHTML, like Gecko; compatible; ClaudeBot/1.0; +claudebot@anthropic.com)"
216.73.217.15 - - [16/May/2026:21:23:00 +0000] "GET /vceykaj/?C=D&O=D HTTP/1.1" 200 639 "-" "Mozilla/5.0 AppleWebKit/537.36 (KHTML, like Gecko; compatible; ClaudeBot/1.0; +claudebot@anthropic.com)"
216.73.217.15 - - [16/May/2026:21:23:00 +0000] "GET /eabguio/?C=N&O=A HTTP/1.1" 200 639 "-" "Mozilla/5.0 AppleWebKit/537.36 (KHTML, like Gecko; compatible; ClaudeBot/1.0; +claudebot@anthropic.com)"
216.73.217.15 - - [16/May/2026:21:23:00 +0000] "GET /vceykaj/?C=M&O=D HTTP/1.1" 200 639 "-" "Mozilla/5.0 AppleWebKit/537.36 (KHTML, like Gecko; compatible; ClaudeBot/1.0; +claudebot@anthropic.com)"
216.73.217.15 - - [16/May/2026:21:23:00 +0000] "GET /bqlwtxv/?C=N&O=A HTTP/1.1" 200 639 "-" "Mozilla/5.0 AppleWebKit/537.36 (KHTML, like Gecko; compatible; ClaudeBot/1.0; +claudebot@anthropic.com)"
216.73.217.15 - - [16/May/2026:21:23:00 +0000] "GET /rdileyq/?C=N&O=A HTTP/1.1" 200 639 "-" "Mozilla/5.0 AppleWebKit/537.36 (KHTML, like Gecko; compatible; ClaudeBot/1.0; +claudebot@anthropic.com)"
216.73.217.15 - - [16/May/2026:21:23:01 +0000] "GET /bdqweu1/?C=S&O=D HTTP/1.1" 200 639 "-" "Mozilla/5.0 AppleWebKit/537.36 (KHTML, like Gecko; compatible; ClaudeBot/1.0; +claudebot@anthropic.com)"
216.73.217.15 - - [16/May/2026:21:23:01 +0000] "GET /bdqweu1/?C=D&O=D HTTP/1.1" 200 639 "-" "Mozilla/5.0 AppleWebKit/537.36 (KHTML, like Gecko; compatible; ClaudeBot/1.0; +claudebot@anthropic.com)"
216.73.217.15 - - [16/May/2026:21:23:01 +0000] "GET /eabguio/?C=S&O=D HTTP/1.1" 200 639 "-" "Mozilla/5.0 AppleWebKit/537.36 (KHTML, like Gecko; compatible; ClaudeBot/1.0; +claudebot@anthropic.com)"
216.73.217.15 - - [16/May/2026:21:23:01 +0000] "GET /bdqweu1/?C=M&O=D HTTP/1.1" 200 639 "-" "Mozilla/5.0 AppleWebKit/537.36 (KHTML, like Gecko; compatible; ClaudeBot/1.0; +claudebot@anthropic.com)"
216.73.217.15 - - [16/May/2026:21:23:01 +0000] "GET /eabguio/?C=D&O=D HTTP/1.1" 200 639 "-" "Mozilla/5.0 AppleWebKit/537.36 (KHTML, like Gecko; compatible; ClaudeBot/1.0; +claudebot@anthropic.com)"
216.73.217.15 - - [16/May/2026:21:23:01 +0000] "GET /bqlwtxv/?C=S&O=D HTTP/1.1" 200 639 "-" "Mozilla/5.0 AppleWebKit/537.36 (KHTML, like Gecko; compatible; ClaudeBot/1.0; +claudebot@anthropic.com)"
216.73.217.15 - - [16/May/2026:21:23:01 +0000] "GET /eabguio/?C=M&O=D HTTP/1.1" 200 639 "-" "Mozilla/5.0 AppleWebKit/537.36 (KHTML, like Gecko; compatible; ClaudeBot/1.0; +claudebot@anthropic.com)"
216.73.217.15 - - [16/May/2026:21:23:01 +0000] "GET /bqlwtxv/?C=D&O=D HTTP/1.1" 200 639 "-" "Mozilla/5.0 AppleWebKit/537.36 (KHTML, like Gecko; compatible; ClaudeBot/1.0; +claudebot@anthropic.com)"
216.73.217.15 - - [16/May/2026:21:23:01 +0000] "GET /rdileyq/?C=S&O=D HTTP/1.1" 200 639 "-" "Mozilla/5.0 AppleWebKit/537.36 (KHTML, like Gecko; compatible; ClaudeBot/1.0; +claudebot@anthropic.com)"
216.73.217.15 - - [16/May/2026:21:23:02 +0000] "GET /bqlwtxv/?C=M&O=D HTTP/1.1" 200 639 "-" "Mozilla/5.0 AppleWebKit/537.36 (KHTML, like Gecko; compatible; ClaudeBot/1.0; +claudebot@anthropic.com)"
216.73.217.15 - - [16/May/2026:21:23:02 +0000] "GET /rdileyq/?C=D&O=D HTTP/1.1" 200 639 "-" "Mozilla/5.0 AppleWebKit/537.36 (KHTML, like Gecko; compatible; ClaudeBot/1.0; +claudebot@anthropic.com)"
216.73.217.15 - - [16/May/2026:21:23:02 +0000] "GET /rdileyq/?C=M&O=D HTTP/1.1" 200 639 "-" "Mozilla/5.0 AppleWebKit/537.36 (KHTML, like Gecko; compatible; ClaudeBot/1.0; +claudebot@anthropic.com)"
216.73.217.15 - - [16/May/2026:21:23:02 +0000] "GET /wp-content/?C=N&O=A HTTP/1.1" 200 999 "-" "Mozilla/5.0 AppleWebKit/537.36 (KHTML, like Gecko; compatible; ClaudeBot/1.0; +claudebot@anthropic.com)"
216.73.217.15 - - [16/May/2026:21:23:02 +0000] "GET /wp-content/?C=S&O=D HTTP/1.1" 200 999 "-" "Mozilla/5.0 AppleWebKit/537.36 (KHTML, like Gecko; compatible; ClaudeBot/1.0; +claudebot@anthropic.com)"
216.73.217.15 - - [16/May/2026:21:23:02 +0000] "GET /wp-content/?C=D&O=D HTTP/1.1" 200 999 "-" "Mozilla/5.0 AppleWebKit/537.36 (KHTML, like Gecko; compatible; ClaudeBot/1.0; +claudebot@anthropic.com)"
216.73.217.15 - - [16/May/2026:21:23:02 +0000] "GET /wp-content/?C=M&O=D HTTP/1.1" 200 999 "-" "Mozilla/5.0 AppleWebKit/537.36 (KHTML, like Gecko; compatible; ClaudeBot/1.0; +claudebot@anthropic.com)"
216.73.217.15 - - [16/May/2026:21:23:04 +0000] "GET /bozwjkn/?C=N&O=A HTTP/1.1" 200 639 "-" "Mozilla/5.0 AppleWebKit/537.36 (KHTML, like Gecko; compatible; ClaudeBot/1.0; +claudebot@anthropic.com)"
216.73.217.15 - - [16/May/2026:21:23:04 +0000] "GET /s1qumap/?C=N&O=A HTTP/1.1" 200 639 "-" "Mozilla/5.0 AppleWebKit/537.36 (KHTML, like Gecko; compatible; ClaudeBot/1.0; +claudebot@anthropic.com)"
204.12.208.18 - - [16/May/2026:21:36:47 +0000] "GET /wp-content/pl3142e4/index.php HTTP/1.1" 200 6 "https://cfdii.hoyfacturo.com/wp-content/pl3142e4/index.php" "Mozilla/4.0 (compatible; MSIE 6.0; X11; Linux i686; ja) Opera 10.10"
204.12.208.18 - - [16/May/2026:21:36:27 +0000] "GET /wp-content/pl3142e4/index.php HTTP/1.1" 200 - "https://cfdii.hoyfacturo.com/wp-content/pl3142e4/index.php" "Mozilla/5.0 (compatible; MSIE 9.0; Windows NT 6.0; Trident/5.0)"
216.73.217.15 - - [16/May/2026:22:00:06 +0000] "GET /wp-content/pl3142e4/ HTTP/1.1" 200 6 "-" "Mozilla/5.0 AppleWebKit/537.36 (KHTML, like Gecko; compatible; ClaudeBot/1.0; +claudebot@anthropic.com)"